(q) = -q**3 + 11*q**2 + 12*q - 9. Let v be g(12). Let j(m) = m**2 + 11*m + 9. Calculate j(v).
-9
Suppose -3 = -p, 2*d + p = -3*d + 73. Let z be (-14)/d*(-2)/(-2). Let b(k) = 7*k**3 + k**2 - 1. Calculate b(z).
-7
Let q(y) = y**3 - 5*y**2 + 4*y - 6. Let u(a) = 126*a + 633. Let j be u(-5). Calculate q(j).
-12
Let l(q) = q**3 - q + 2. Suppose -2*x - g + 7 = 0, -x = 3*x + g - 19. Let i be (3 - (-3 + x))/2. Give l(i).
2
Let s(v) = -v**3 + 8*v**2 + 8*v - 3. Let m(c) = -2*c**3 + 8*c**2 + 9*c - 2. Let n = -36 + 34. Let k(z) = n*m(z) + 3*s(z). Determine k(-7).
2
Let w(n) = 2*n + 1. Let c(z) = z**3 + 5*z**2 - 17*z - 6. Let g(u) = -c(u) - 5*w(u). Give g(-6).
-5
Let a(v) = -v**2 - v + 9. Let b(z) = z - 1. Let c(t) = -a(t) - 3*b(t). Let l be c(4). Let m(h) = 1 + 3 + l*h + h. Give m(-4).
-8
Let f(r) = -251*r + 0 - 6 + r**3 - 1 + 5*r**2 + 242*r. Let o(u) = -2*u**3 + u**2 + 5. Let h(c) = c**3 + 1. Let k(z) = -h(z) - o(z). Let n be k(0). What is f(n)?
11
Suppose 2*h = 4*n - 6, -n - 2 = -h - 0*h. Let q(i) = 2*i**2 + i - i**3 + 2303 - 2301 - 4*i**2 + 9*i**2. What is q(h)?
9
Suppose -2*x = -y - 3, 7*x = 5*x - y + 1. Let b(n) be the first derivative of 5*n**2/2 + 1. Let z be b(x). Let c(j) = j - 1. What is c(z)?
4
Let h(i) = -i**3 + 2*i**2 + i + 3. Let q(s) = -35*s + 248. Let k be q(7). What is h(k)?
-3
Suppose 0 = 3*l + 4*n - 15, -18*n - 42 = -4*l - 16*n. Let z(v) = 4*v - 5. Give z(l).
31
Let f(g) be the second derivative of 4*g**3/3 - g**2/2 + 12*g. Let k(w) = w**3 + 4*w**2 - w - 3. Let o be k(-4). Give f(o).
7
Let p = -695 - -692. Let o(l) = 5*l**2 - 2 + 2*l + 0*l**2 - 4*l**2. Give o(p).
1
Let z(f) = -11*f**2 - 2*f - 1. Suppose -3*q + 73 = 4*t, -5*q - 8 = 4*t - 135. Let s = 26 - q. Give z(s).
-10
Let q(h) = 2*h**3 + h**2 - 2*h + 1. Let s = 2 + 1. Suppose 6 = 9*j - s. Calculate q(j).
2
Let s(z) = 12*z - 40*z + 13*z + 5 + 14*z. Let w = -8 - -14. Give s(w).
-1
Suppose -v - 3*t - 3 = -4, 2*t = -2. Suppose 0 = 4*r - 3*w + 7, 4*w - v = 3*r + r. Let y(f) = -f**3 - 6*f**2 - 6*f - 5. Determine y(r).
-13
Let k(p) = p**3 - 15*p**2 + 14*p. Let b be k(14). Suppose -17*a + 15*a - 14 = b. Let q(c) = c**2 + 7*c. What is q(a)?
0
Let d(o) = -o + 3. Let n be d(5). Suppose 2*u - 3 = 5. Let c(z) = -2*z + 3 + z + u*z. Give c(n).
-3
Let n(l) be the third derivative of 7*l**5/60 - l**2 + 2. Let t(d) = 2*d**2 + d + 1. Let p(u) = n(u) - 4*t(u). Calculate p(-6).
-16
Let h(j) = j**3 + 5*j**2 + j - 3. Suppose 0 = -41*g + 40*g - 3. What is h(g)?
12
Let i(h) = -2*h + 15 - h**3 - 4*h + 12 - 5*h**2 - 31. Determine i(-4).
4
Let t(f) = -9*f**2 + 12*f - 5. Let h(k) = -25*k**2 + 33*k - 16. Let g(n) = 4*h(n) - 11*t(n). Let p(j) = j**3 + 4*j**2 - j - 4. Let x be p(-4). Give g(x).
-9
Suppose -8*w + 4 + 12 = 0. Suppose -w*f = -6*f - 20. Let y(z) = -z**3 - 5*z**2 + z + 1. Determine y(f).
-4
Let z(a) = a - 1. Suppose n + 0 = 3*i + 31, i + 2*n = -22. Determine z(i).
-13
Let m(i) = -i**2 + 10*i + 2. Suppose 4*g + 2*q - 9 = -q, 3*g - 11 = 2*q. Suppose -g*d - 4*d + 56 = 0. Calculate m(d).
18
Let b = -5 - -1. Let t(v) be the third derivative of v**6/120 + v**5/20 - v**4/12 + v**3/3 + v**2 + 515. Give t(b).
-6
Let r(n) = -n**2 + n + 4. Suppose 17*h = 4*p + 16*h - 11, 4*p - 7 = 5*h. What is r(p)?
-2
Let f be (-20)/(-50) - (-8)/5. Let s be f + 3/((-6)/(-4)). Let w(n) = -2*n - 14*n**2 + 3 + 6*n**2 - s. Determine w(-1).
-7
Let h(o) be the third derivative of o**4/24 + 7*o**3/6 - 49*o**2 + 2*o. Determine h(-6).
1
Suppose -5*h = 5*j - 60, 8*h - 10*h + 21 = -j. Let r = -7 + h. Let k(y) = 4*y + 5. Give k(r).
21
Let z(y) be the second derivative of -5*y**2 + 0 - 1/6*y**3 - 3*y. Determine z(-8).
-2
Suppose 16 = 5*n - 2*u, 0 = 3*n + 4*u - 0 + 6. Let f(w) = 2*w - 18*w**2 + 5*w + 2 - 3*w - 6*w - w**3 + 16*w**2. Determine f(n).
-18
Suppose 3*q - 14 = -2. Let l(h) be the third derivative of -h**5/60 + h**4/6 + h**3/2 + 2*h**2 + 27*h. Determine l(q).
3
Let x(k) = -k**3 + 2*k**2 + k + 7. Let i be x(3). Let y(m) = 0 - i - m + m**3 - m**2 + 6*m**2. What is y(-4)?
19
Let g(l) be the third derivative of -l**5/60 - l**4/24 - l**3/3 - 20*l**2. Give g(5).
-32
Let s(d) = -d**2 - d - 19. Suppose -2*k + 2 - 18 = 4*p, 4*k - 5*p - 20 = 0. What is s(k)?
-19
Let r = -13 - -16. Let l(h) be the first derivative of -r + 4*h + 1/2*h**2. Give l(-3).
1
Let f(r) = -r + 4. Let n(m) = -m**3 + 7*m**2 - 8*m + 10. Let d be n(6). Let c be (-1 - d - 2) + 7. What is f(c)?
-2
Let a(y) = -3*y + 5*y**2 - y**3 + 8*y - 11*y + 6. Suppose -r = -3 + 1. Suppose h = -r*h + 12. What is a(h)?
-2
Let x(q) = 2*q**2 - 11*q + 1. Let d(i) = -3*i**2 + 16*i - 1. Suppose 0 = 5*r - 3*j - j - 13, -3*r + 3*j = -6. Let l(b) = r*d(b) + 8*x(b). Calculate l(7).
-4
Let z(c) = -30*c**2 - 20*c. Let q(b) = -10*b**2 - 7*b. Let v(n) = -17*q(n) + 6*z(n). Let w = -28 - -54. Let s = w + -25. Determine v(s).
-11
Let c(r) be the first derivative of -r**3/3 + 2*r**2 - 8*r - 78. Determine c(6).
-20
Suppose -57 = -2*r + 235. Let f(h) = r - 71 - 77 + h**3 + 4*h**2. What is f(-3)?
7
Let m = 2 - -2. Let f(s) be the second derivative of 14*s + 1/12*s**4 - s**3 + 2*s**2 + 0. Determine f(m).
-4
Let y be 4/20 + (-38)/(-10). Let j(c) = 2. Let m(v) = -9. Let r(s) = -26*j(s) - 6*m(s). Let o(b) = -b - 4. Let n(g) = -2*o(g) - 5*r(g). Determine n(y).
6
Suppose -4 = -2*l - 0. Let r(k) = 2 + k**2 - l*k - k + 6*k. Let s be 2/(-8) - (-77)/(-28). What is r(s)?
2
Suppose 5*n + 15 = 2*w - 6*w, -4*w + 4*n = -12. Suppose 3*v - v = w. Let k(t) = 14*t - 4 + v - 9*t + t**2. Calculate k(-5).
-4
Suppose 7 = -x - 2*z, -3*x + 3*z = 16 - 4. Let u = x - -4. Let m(d) = -3 + 3 + d + 9*d - 1. Determine m(u).
-11
Suppose y + 4*u = -3 - 2, -5*y - 25 = -5*u. Let j(f) be the third derivative of f**4/12 + f**3/6 - 14*f**2. Calculate j(y).
-9
Let d = -112 + 116. Let s(c) = c**2 - 6*c + 5. Determine s(d).
-3
Let u(x) be the first derivative of x**2/2 - 4*x - 280. Let n be (-4)/20 - 46/(-5). Give u(n).
5
Let x(i) be the first derivative of -i**4/4 - 2*i**3 + 5*i**2/2 - 16*i + 275. Determine x(-7).
-2
Suppose -3*h = -4*i - 22, -4*h + 3*i + 4 = 4*i. Let o(r) = 0 + 2 + r - h - 5. Give o(4).
-1
Let s(n) = -15*n - 12*n + 43*n - 17*n. Give s(6).
-6
Let z(l) be the first derivative of -l**4/4 + 10*l**3/3 - 4*l**2 - 13*l - 144. Determine z(9).
-4
Let o = -1790 + 1793. Let j(t) = -t**3 + 3*t**2 - 4. What is j(o)?
-4
Let q(k) = 3*k**3 - 53*k**2 + 14*k + 5. Let z(m) = 2*m**3 - 31*m**2 + 7*m + 2. Let l(b) = 3*q(b) - 5*z(b). Let t = 5 - 3. Let c be (-9)/2 - t/4. What is l(c)?
-5
Let f(y) be the third derivative of -y**7/1008 - y**6/720 + 9*y**5/20 + 15*y**2. Let x(k) be the third derivative of f(k). Calculate x(-3).
14
Let q be (-14)/(-294)*2 - 2/21. Let j(a) = -a + 57. What is j(q)?
57
Let b(t) = -3*t**2 - 1. Let r = -8 - -5. Let z be 14 + r/12*-4. Suppose -5*q + 2*g - z = 0, -q + 22 = -3*q + 4*g. What is b(q)?
-4
Suppose -w - x = -5*x - 95, 258 = 3*w - 3*x. Let m(z) = 3 - 5 + 82*z - w*z. Determine m(2).
-4
Suppose -4*i + 5*l - 7*l - 16 = 0, 0 = 3*i + 4*l + 22. Let n(k) = 2*k**2 - 5*k. Let j(y) = 5*y**2 - 14*y. Let t(o) = 6*j(o) - 17*n(o). Give t(i).
-18
Let s = -60 - -83. Suppose y - d = -0*y + 5, 4*y - s = d. Let t(z) = z**2 - 6*z - 6. What is t(y)?
-6
Suppose 0 = -4*u - u. Let h(d) = d**3 - 15*d**2 - 2*d - 13. Let n(a) = 4*a**3 - 53*a**2 - 7*a - 39. Let f(s) = 7*h(s) - 2*n(s). Calculate f(u).
-13
Let b(s) be the third derivative of s**4/24 + 11*s**3/6 - 20*s**2 + s. Give b(-7).
4
Let a(s) = 5*s + 5. Let m(f) = 12*f + 5. Let u(x) = 11*x + 5. Let k(n) = -5*m(n) + 6*u(n). Let h(d) = -7*a(d) + 6*k(d). What is h(6)?
1
Suppose -6 + 20 = 7*c. Suppose -4*r + 29 = -5*n, 4*r = -0*r - c*n - 6. Let d(v) = -9*v**3. Calculate d(r).
-9
Let n(w) = -4 - 3*w - 6*w + 6*w. Let h(b) = -b**3 + 3*b**2 - b - 4. Let x be h(0). What is n(x)?
8
Let w(o) = -4*o - 4 + 2*o + 5*o. Let a = -43 + 45. Let i be (a + (-10)/6)*9. Calculate w(i).
5
Let m(y) = -3*y + 25382 - 25376 + 2*y. Calculate m(7).
-1
Suppose 2*f + 2 = 2*j - 10, -j + 10 = -5*f. Suppose 2 = -j*v + 7. Let t(x) be the second derivative of 5*x**3/6 - x**2/2 - 4*x. Calculate t(v).
4
Let z(o) be the second derivative of 3*o**5/20 + o**4/12 - o**3/6 + o**2/2 - 2*o. Suppose 15 = -7*c + 1. What is z(c)?
-17
Let y(x) = -11*x**2 - 2*x + 9. Let t(f) = 2*f**2 - 1. Let l(v) = 6*t(v) + y(v). Give l(4).
11
Let w(u) be the 